-6 - (0 - 7 - -5).
-4
What is the value of -4 + (-6 - (4 - 9))?
-5
What is the value of (-14 - -14) + (0 - -1 - 4)?
-3
Evaluate (11 - 4) + (-4 - 0).
3
What is 5 + (-4 - -3) + 0?
4
What is -7 + (5 - 0) + 2?
0
Evaluate 5 - (3 - 0) - -4.
6
Evaluate 12 + -3 + (-35 - -21).
-5
8 + 0 + -2 + 19 + -25
0
What is the value of (-8 - (1 - 6)) + -3 + 3?
-3
What is (-5 - (-8 - -5)) + 1 + 1?
0
What is 10 - 13 - (1 + 1 - -5)?
-10
What is the value of -11 + (-2 - -1) + 18 + -13?
-7
4 + (9 - (12 + -6))
7
Calculate (3 - (6 - 1)) + -2 + 5.
1
What is the value of -6 - -10 - (-8 - -3 - -4)?
5
Evaluate 11 + -12 + -12 + 6.
-7
Calculate -6 + -1 + 0 + 7.
0
Evaluate 4 + (-1 - (7 + -1) - -11).
8
(0 - 0) + -7 - (195 + -206)
4
What is -2 - (-17 - -14) - (6 + 1)?
-6
Calculate (2 - -2) + 10 + 3 + -11.
6
What is the value of -5 - (9 - 16 - (-3 - 2))?
-3
-2 + (16 - 20 - (-7 - -1))
0
Calculate -1 + 3 + -15 + 16.
3
What is 6 + (-6 - 6) - (5 + -12)?
1
What is the value of -1 - (-3 - (-3 - -3)) - 3?
-1
What is the value of -4 - 1 - (-9 - -9)?
-5
Calculate 2 + (4 - 3) + 0.
3
Evaluate -5 + 3 - (2 + -2 + 0).
-2
Calculate (4 - 8) + -1 - -8.
3
What is -10 + (-6 - (-2 - 6))?
-8
Evaluate -5 + (5 - (9 + -5)).
-4
Evaluate 3 - (-7 - 1 - (15 + -29)).
-3
What is the value of -11 - (-1 + 2 + (20 - 26))?
-6
-5 + (-2 - (4 + -4) - -6)
-1
What is (-3 - 1) + (-43 - -50)?
3
What is 6 + -4 + (14 - 20)?
-4
Evaluate -1 + 8 + -3 + -4 + 3.
3
What is 2 + -10 - (-17 - -6 - -7)?
-4
What is the value of (0 - -8) + -14 - -10?
4
Calculate (8 - (3 + 1)) + -4.
0
What is the value of 1 - 1 - (-17 + 13)?
4
What is the value of -9 + 12 + 4 + -7?
0
-2 + -7 + 10 + 1
2
What is the value of -1 + 0 + -2 + 4?
1
Calculate (-17 - -10) + 17 - (2 + 2).
6
Calculate -14 + 10 + 7 + 2.
5
Evaluate -7 - (-4 + -2 + -4 - 5).
8
7 + ((2 - 0) + -7 - 0)
2
Calculate 2 - (-6 + 2 - -1) - 0.
5
Evaluate -1 + 11 - (15 - -4).
-9
What is (-1 - 5) + (6 - 5)?
-5
What is 0 - (-3 + 3 - (-3 + -1))?
-4
(-5 - (3 - 4)) + 4 - -5
5
Calculate (-1 - -7) + 2 + (-6 - -2).
4
What is -2 + 5 + (-11 - -15)?
7
What is -11 + 8 - 9 - -9?
-3
What is -2 - -1 - (10 + -6 - 4)?
-1
Evaluate -5 - (10 - (12 + -1)).
-4
What is the value of -17 - 5 - -12 - -11?
1
Calculate 1 - (10 + 1 + -4).
-6
-30 + 32 - (-2 - -1)
3
Calculate (-70 - -67) + (1 - -5).
3
What is 2 + (5 - (1 - (-5 + -4)))?
-3
What is the value of 4 + 0 + -6 + -5?
-7
7 - (-6 + 1 + 14)
-2
What is the value of -16 + 18 + 2 + -4?
0
What is (-16 + 7 - -5) + (-1 - -4)?
-1
Evaluate (-5 - (-5 - 2)) + 2 + 1.
5
What is the value of -10 + 17 - (0 - -6 - 0)?
1
Evaluate -2 - -2 - -1 - 2.
-1
Calculate 18 - (9 + 1) - 1.
7
What is the value of 23 + -25 - (0 + 1)?
-3
What is 1 - 1 - (2 + 1 - -1)?
-4
-3 + 1 + 0 + 12 + -12
-2
What is the value of -7 - (4 - 10 - 6)?
5
(1 - (-1 + -4)) + -7
-1
What is -3 + (7 + 4 - 8)?
0
Evaluate (18 - 17) + 0 + (-6 - -1).
-4
What is the value of -4 + (0 - 0) + 5 - 0?
1
Evaluate (3 - -3) + (-2 - 6).
-2
Calculate -1 + -4 + 9 + 0.
4
What is 6 + -17 + (-2 + 4 - -2)?
-7
Evaluate (-3 - (-6 - -4)) + 0.
-1
Evaluate 0 - 11 - (-45 - -38).
-4
What is the value of (-2 - ((1 - -3) + -3)) + 7?
4
Evaluate 10 + (-7 - -6) - 5.
4
What is the value of (7 - 1) + 19 + -31?
-6
Evaluate (-1 - -5 - 3) + (6 - 5).
2
What is -3 - 0 - (96 - 102)?
3
Calculate (4 - (3 + -4)) + -2.
3
Evaluate -4 - (-2 - 3) - 1.
0
What is (-7 - -1) + -6 + 9?
-3
What is the value of 0 - 7 - -1 - -4?
-2
Evaluate 1 + (2 - 3) - -2.
2
Evaluate -7 + 0 + (-2 - -4).
-5
What is -12 + 10 + 6 + (0 - -1)?
5
Evaluate 1 + 3 + (7 - 7) - -2.
6
What is the value of (13 - 16) + 0 + (1 - 0)?
-2
What is the value of -5 + 4 - 0 - 2?
-3
What is 2 - (8 + -4 + (0 - -3))?
-5
4 - (3 - (5 + -1) - -6)
-1
What is 0 - (-4 - (3 - 8))?
-1
What is the value of 14 - (5 - 0 - -3)?
6
What is -3 + 2 + 1 + -5?
-5
1 + (12 - 6) + -8 - -2
1
Evaluate -14 + 14 + (-6 - -1).
-5
Evaluate (-3 + 3 - -4) + -4.
0
3 - (6 + -4 + 1)
0
-4 + (-3 - (-1 - 3))
-3
Evaluate -5 + 0 + 4 + (3 - 4).
-2
What is the value of -2 + -4 + -4 + 12?
2
Calculate 5 + (7 + 3 + -6 - 4).
5
What is -7 - (-13 + 3 - -3)?
0
What is (1 - (0 - 4) - -1) + -2?
4
Evaluate 4 - (4 - 3 - 0).
3
Calculate 20 - (17 + 3 + -8).
8
Evaluate -4 + 2 + 2 + 4.
4
(3 - (-3 + 6)) + (-6 - 0)
-6
What is (-1 + 3 - (10 - 12)) + -6?
-2
Evaluate 21 + -1 - (83 + -70).
7
What is the value of -8 - (-2 - (-8 - -10))?
-4
Calculate -3 + (-5 + 8 - 3).
-3
What is 6 - (1 - -2) - 7?
-4
Evaluate -1 - 7 - (1 + -4).
-5
Calculate 3 - (-4 + (7 - -3) + -3).
0
What is the value of 0 + 5 + (-33 - -32)?
4
What is 2 - ((2 - -4) + -1)?
-3
Calculate -4 - (-1 + 5 - -1 - 5).
-4
2 + 1 + 6 + -7
2
Calculate -9 + -1 + -1 + 4.
-7
-7 + 2 + (-1 - -2)
-4
Evaluate -12 + 0 + 4 + 5.
-3
5 - (-4 - (-3 - 1))
5
What is the value of 0 - ((5 - 7) + 0)?
2
Evaluate -4 + 5 + (3 - 4).
0
Evaluate (2 - -1) + -5 + 4 - 3.
-1
Evaluate -1 + 4 + (3 - 9).
-3
What is 0 - -5 - (19 + -16)?
2
What is (4 - 0 - 2) + (-2 - -5)?
5
What is 3 - (-3 - (-2 - (-5 - -12)))?
-3
What is -2 - (9 + 3 + -10)?
-4
What is 8 + -6 + 4 + -8?
-2
((-6 - -7) + 7 - -5) + -5
8
What is the value of 1 - (4 - 4 - 1)?
2
Calculate 7 + (3 + 0 - 14) + -3.
-7
What is the value of (-1 - -6) + 5 - 2?
8
Calculate 10 + (-9 - 3) + -3.
-5
Calculate 4 + 13 + -7 + -15.
-5
Calculate -1 + 3 + 1 + 0.
3
Calculate -2 - (-1 + -1 - -2).
-2
What is the value of -2 + -1 - (2 + -7) - 1?
1
What is (-6 - (-2 + -6)) + -4?
-2
What is 6 + -1 + -8 + -2?
-5
-1 + -6 + (3 - 1 - 0)
-5
Evaluate (-12 - 2) + 6 + 0.
-8
What is the value of (-1 - -1) + (-14 - -2) + 16?
4
Evaluate -8 + 12 + -10 + 7 + 0.
1
Evaluate -2 - (0 + -1 + -2).
1
Calculate (0 - (0 + 0)) + (-135 - -137).
2
7 - (-3 + 16 + -2)
-4
What is the value of (-1 - 3) + 1 + 2?
-1
What is the value of -7 + (-1 - 0) - -3?
-5
What is 11 - ((-12 - -22) + 2)?
-1
What is 5 + -1 + (-13 - -4)?
-5
What is the value of 3 - 3 - (3 + 1 - 1)?
-3
Calculate 1 - (-1 + 7) - (0 - 3).
-2
What is (-3 - -3) + -4 + (8 - -2)?
6
What is -15 + (12 - -7) - 8?
-4
Calculate -6 + 2 + -1 + 0.
-5
Calculate (-1 + 4 - (-8 + 9)) + 3.
5
Calculate 5 - (-2 - -4) - (-7 + 4).
6
Evaluate 9 + 1 + -10 + (8 - 3).
5
What is the value of (7 - -9) + 0 + -7?
9
What is the value of (10 + -7 - 8) + 12?
7
-3 - (3 + -13 + 4)
3
What is 3 + 0 + -2 - (-1 - 2)?
4
Calculate -4 - (-3 + (2 - 6 - -3)).
0
-9 - (-4 - 0 - (-2 - -2))
-5
Calculate 27 + -33 + (-2 + 0 - -7).
-1
0 + -5 - (-3 + -2)
0
Evaluate -10 + (1 - (0 + -4)) + -1.
-6
What is the value of 8 + -6 + -5 + (4 - -2)?
3
-3 - (2 + (2 - 5)) - 0
-2
What is 4 + -8 + (5 - 6)?
-5
-4 + (2 - 5 - -3) + 1
-3
Calculate -10 + 13 + (1 - 1).
3
What is 0 + 2 + 1 + (-1 - 1)?
1
What is 6 + (-2 + 1 - (13 + -13))?
5
Calculate -4 - (1 + -2) - 2.
-5
What is (-1 - (1 - 4)) + 211 + -207?
6
What is the value of -7 - (-7 + (-11 - -7) - -7)?
-3
What is 4 + -8 - (3 - 5 - 2)?
0
-5 + 1 + 1 + -6 + 1
-8
What is the value of -6 + -8 + -4 + 7 - -6?
-5
5 + -7 + (-2 - -6) - -4
6
Evaluate -5 + (-1 + -1 - -4).
-3
Calculate -11 - -11 - ((-4 - -2) + 0).
2
What is 9 - (6 + -5 - (-6 - -3))?
5
What is (-2 - -1) + (1 + -1 - 0)?
-1
Calculate -3 - -4 - -6 - (2 - -2).
3
(7 - 13) + 16 + -3
7
Calculate (-5 + 11 - (-3 - -13)) + 3.
-1
What is -11 + (-2 - -10) + -5 - -7?
-1
-1 - ((-5 - -1) + 16) - -7
-6
Calculate 1 + -7 + -6 + 17 + -10.
-5
10 - (16 + -10 + (-5 - -2))
7
What is the value of 39 + -47 - (-1 + -4)?
-3
What is (-4 - (-4 - 4)) + -4?
0
Evaluate (-16 - -13) + (8 - 2).
3
What is the value of 4 - ((-3 - -3) + 1 + -2)?
5
What is (-6 - 0) + -44 + 49?
-1
-4 - (-10 + 0) - (4 + 1)
1
Evaluate -6 - (1 - (1 + 1)).
-5
What is 1 + 3 - (2 - 0)?
2
What is 3 + (-3 - 2) - -3 - 0?
1
What is the value of (1 - 0 - (7 + -6)) + -4?
-4
What is the value of 27 + -27 - (-1 + 1)?
0
What is 9 - (-2 + 3) - (1 + 2)?
5
Evaluate 8 + -6 + 6 - (8 + 2).
-2
(-4 - -3) + -4 + 0 - -3
-2
What is the value of 2 + (1 - (6 - 6))?
3
1 + 2 + 9 + -8 - 1
3
What is the value of -3 + (-5 - (-2 + 3))?
-9
Calculate -8 - (5 + -21 - -1).
7
What is the value of (-6 + -5 - -15) + -7 + 1?
-2
Calculate 10 - (-1 + (-1 - -7)).
5
What is the value of (3 - (0 + 5)) + 3 + 1?
2
What is -2 - (4 + (4 - 5) + -7)?
2
0 + -3 + 31 + -30
-2
What is the value of -17 - (-20 - (-1 - 7))?
-5
What is the value of -4 + -1 + -4 + (2 - -7)?
0
What is 0 + 7 + -10 - (-1 - -1)?
-3
What is 8 + 7 + -13 + -1?
1
What is the value of -9